nder when h/(-1)*(-28)/42 is divided by t?
0
Let l(j) = 3*j**2 + 17*j - 15. Calculate the remainder when 42 is divided by l(-8).
1
Let h(n) = -10*n + 53. Calculate the remainder when h(-9) is divided by 36.
35
Let t(s) = s + 8. Let k(p) = 5*p. Calculate the remainder when k(4) is divided by t(-2).
2
Suppose -3 + 0 = -v. Suppose -17 = 4*i + 3. What is the remainder when 3 - 0 - (-8 - i) is divided by v?
0
Let m be -1*(-2 - (-24)/4 - 3). Suppose 100 - 22 = 2*d. What is the remainder when d is divided by (8 + 6)*m/(-2)?
4
Suppose -5*b = s - 33 - 36, -37 = -3*b - 5*s. Calculate the remainder when 125 is divided by b.
13
Suppose 10*z - 22 + 492 = 0. Let r = z + 58. Suppose 4*p - 121 = -3*b, -2*b - b + 5*p + 139 = 0. What is the remainder when b is divided by r?
10
Let q = -302 + 186. Calculate the remainder when 69 is divided by (q/87)/(-2 - (-104)/54).
15
Suppose -1 = 5*c - 6, -3*v + 376 = 4*c. Suppose 0 = 6*s - 10*s + v. Calculate the remainder when 61 is divided by s.
30
Suppose -p + 121 = -2*s, 4*p - 3*s - 466 = -4*s. Calculate the remainder when p is divided by 42.
33
Let d = 3073 - 3069. Suppose -r = -3*k - 2*r + 30, -k - 2*r = -15. Calculate the remainder when k is divided by d.
1
Let n(v) = 3*v**3 - 27*v**2 + 14*v - 4. Calculate the remainder when n(9) is divided by 62.
60
Let u(a) = -24*a + 6. Let f be u(-4). Suppose -f = m - 3*m. Let o = 5 + 13. Calculate the remainder when m is divided by o.
15
Suppose 20 = -5*d, -5*d + 2 = h - 4*d. Calculate the remainder when ((-27)/4)/(h/(-16)) is divided by 10.
8
Suppose 362 = 4*b + 326. Calculate the remainder when 61 is divided by b.
7
Let b be 966/15 - 10/25. Suppose -b = -10*c + 16. What is the remainder when 10 is divided by c?
2
Let s(n) = -2*n**2 + 36*n - 111. Calculate the remainder when 393 is divided by s(12).
30
Suppose 9*f = 8*f + 102. Let j = f + -84. Calculate the remainder when j is divided by 13.
5
Let c = 2625 + -2372. What is the remainder when c is divided by 243?
10
Suppose 2*z + 5 = w, 0 = -4*w + 2*z - 3*z + 20. Suppose -w*l = -8*l - 186. Calculate the remainder when 56 is divided by (0 + -4 - l)/2.
27
Suppose -37*i = -50*i + 78. Let c(l) = 35*l + 2. Let z be c(2). Suppose -3*x + z = 21. Calculate the remainder when x is divided by i.
5
Suppose 23*q - q = 2948. What is the remainder when q is divided by 46?
42
Suppose -3*n - 4*o - 66 = 0, -3*n - 3*o = 56 + 7. Let f = 19 + n. What is the remainder when 41 is divided by -9*(0 + -2 + f)?
5
Suppose 4*f - 264 = -4*x, -5*x - 139 = -2*f - 0*f. Suppose -2*w + 34 = -5*r, 3*r = 4*w - 33 - 35. Calculate the remainder when f is divided by w.
16
Let x(k) = 5*k**2 + 102*k - 35. Calculate the remainder when 137 is divided by x(-21).
25
Suppose -141 = -13*u + 236. Let m = u + -19. What is the remainder when m is divided by 3?
1
Suppose -8 = 5*s - 9*s. Calculate the remainder when (2/4)/(212/104 - s) is divided by 2.
1
Suppose 0 = -3*o + 2*t + 54, t = 4*o - 3*t - 72. Suppose 0*a + 28 = 3*u + 2*a, 0 = -a - 1. Calculate the remainder when o is divided by u.
8
What is the remainder when 736 is divided by 4 + (24208/238 - (-2)/7)?
100
Let l = -38 + -38. Let b(t) = 2*t**3 - 3*t + 4. What is the remainder when b(3) is divided by (-3 + l/(-8))/(1/2)?
10
Suppose -n = -43 - 24. Calculate the remainder when n is divided by 7.
4
Let i = -8 - -7. Suppose 88 = 3*u + 2*l - l, 3*u - 108 = 3*l. What is the remainder when u is divided by (1 - (i + 1))*11?
9
Suppose -5*l - 2*x = -33, 4*l + 2*x = 11 + 15. Suppose 13 = 2*g - 53. Calculate the remainder when g is divided by l.
5
Suppose 604 = 6*k - 1394. What is the remainder when k is divided by 17?
10
Suppose 15*g = 18*g - 93. Suppose -16 + 64 = 3*r - 4*y, 2*r - 3*y - g = 0. What is the remainder when 66 is divided by r?
6
Let c = 5 + -3. Let a be 12/4 + (c - 16). Let g(d) = d**3 + 10*d**2 - 12*d - 3. What is the remainder when 23 is divided by g(a)?
7
Suppose 538*v = 545*v - 896. Calculate the remainder when v is divided by 39.
11
Let q be ((-2)/6)/((-115)/30 + 4). What is the remainder when 55 is divided by (-180)/(-3)*(q/4)/(-1)?
25
Let c(a) be the first derivative of 2*a**3 + 2*a**2 + 3*a + 3. Calculate the remainder when c(-2) is divided by (15/(-18))/((-2)/12).
4
Let s = 92 + -75. Let k = 12 + 55. Calculate the remainder when k is divided by s.
16
Let t be 8/20 - (-36)/10. Let o = t - 6. What is the remainder when 9/3*(-46)/o is divided by 18?
15
Calculate the remainder when (-29180)/(-60) + 4/(-3) + 4 is divided by 17.
13
Suppose 460 = 2*x + x + 2*s, -2*s - 140 = -x. What is the remainder when x is divided by 51?
48
Suppose -4*u = -4*x - 128, -5*x - 124 + 30 = -3*u. What is the remainder when 97 is divided by u?
31
Let r(j) = -j**2 - 47*j - 466. Calculate the remainder when 292 is divided by r(-32).
12
Let m(g) = g**2 + g - 3. Let c be 530/65 + 3/(78/(-4)). Calculate the remainder when m(3) is divided by (-31)/31 + c + -1.
3
Suppose 2*j + 5 - 11 = 0. Suppose -2*o + 2*s - 6 = 3*s, -j*o - 2*s - 8 = 0. What is the remainder when 16 is divided by (o/(-6))/(4/54)?
7
Suppose -2*i - 5*m = 34, -5*i = 2*m - 4*m + 85. Let r = 26 + i. What is the remainder when 25 is divided by r?
7
Let u = 264 - 175. Calculate the remainder when u is divided by 48.
41
Let z(k) = 77*k**2 - k - 8. Let s(u) = -78*u**2 + u + 7. Let g(q) = -7*s(q) - 6*z(q). What is the remainder when g(1) is divided by 22?
16
Suppose -r = -5*r - 3*i - 15, -i - 5 = -3*r. Suppose r = -6*d + d + 10. Suppose -d*a - a = -102. What is the remainder when 66 is divided by a?
32
Calculate the remainder when 106 is divided by 20/30 + (-50)/(-6).
7
Suppose -f + 1 = -2, 5*g = -f + 2563. Suppose 11*s - g = 7*s. Calculate the remainder when s is divided by 33.
29
Let q(j) = j + 16. Let a be q(-12). Suppose 3*u - 5*c = 33, -a*u - 4*c + 12 = -64. Calculate the remainder when u is divided by 6.
4
Suppose 0 = -4*y - 2*m + 130, -5*y = -3*y + 4*m - 80. Calculate the remainder when 40 is divided by y.
10
Let l(p) = -11 - p + 28 - 8 + 35. Calculate the remainder when l(13) is divided by 6.
1
Suppose -20*w = -11*w - 981. What is the remainder when w is divided by 24?
13
Let f = -13 + 26. Let c(s) = -11*s - 102. Let j be c(-10). Suppose -d + f = -j. What is the remainder when d is divided by 11?
10
Suppose 0*s - 2*s + 6 = 0, -4*s = 2*q - 22. Suppose 0 = -d - 3*y + 58, q*y - 8 = 7. Let t = 8 - -2. What is the remainder when d is divided by t?
9
Let o(c) = 12*c - 103. Calculate the remainder when o(10) is divided by 17.
0
Suppose 2*l = -2*s + 36, 4*l = 4*s - 33 - 55. Let p be 0/(3 + (-4 - -2)). Suppose p*h - h = -79. What is the remainder when h is divided by s?
19
Let x be -2 + 1 - (0 + 8). Let v(g) = g**3 + 9*g**2 - 6*g - 13. What is the remainder when v(x) is divided by 15?
11
Suppose -2*i - 3*i + 310 = 0. Let k = 8 - -5. What is the remainder when i is divided by k?
10
Let w(b) = -12*b - 9. Suppose -y + c - 3*c - 3 = 0, -4*y - c - 19 = 0. Calculate the remainder when w(y) is divided by 28.
23
Let m = -26 - -31. Suppose -m*a = -8 - 22. What is the remainder when 23 is divided by a?
5
Let p = -42 + 103. Calculate the remainder when p is divided by 12/((-2)/4 + 2).
5
Let s(n) = -n**2 + 5*n - 4. Let w be s(4). Suppose -3*g + w*l + 5*l = -45, -2*l - 36 = -3*g. What is the remainder when 48 is divided by g?
8
Suppose -4*v = 5*q - 75, 0 = v + 3*q - 14 - 10. Calculate the remainder when 55 is divided by v.
10
Let l(h) = 4*h**3 + 2*h**2 - 1. Let f be l(1). Suppose 167 = 5*p - y, -y = f*p + 3*y - 182. Calculate the remainder when 169 is divided by p.
33
Suppose -76*w = -74*w + 4*x - 404, -3*x = 4*w - 808. What is the remainder when w is divided by 62?
16
Let o = 59 + 26. Calculate the remainder when o is divided by 18.
13
Let q(n) = -3*n + 18. Let x be q(6). Suppose 3*c - 39 - 36 = x. Calculate the remainder when c is divided by 16.
9
Let t = 989 - 970. What is the remainder when 54 is divided by t?
16
Let o be (-272)/(-6)*(-6)/(-4). Let r = o + -22. Calculate the remainder when r is divided by 24.
22
Let y = -31 + -70. Let p = y + 121. Calculate the remainder when (-2)/1 + 1 + 78 is divided by p.
17
What is the remainder when 12/18 + (-4035)/(-9) + 0 is divided by 45?
44
Suppose -g - 3*t - 7 = 0, t + 4 = -g - 3. Let w(m) = m**3 + 7*m**2 - 6*m - 7. What is the remainder when w(g) is